{"id":45,"date":"2013-07-26T23:01:15","date_gmt":"2013-07-26T23:01:15","guid":{"rendered":"http:\/\/themes.kadencethemes.com\/virtue\/?page_id=45"},"modified":"2025-11-21T17:19:54","modified_gmt":"2025-11-21T16:19:54","slug":"contactos","status":"publish","type":"page","link":"https:\/\/avesbolivianas.org\/?page_id=45","title":{"rendered":"Contactos"},"content":{"rendered":"<p>[space_20]<\/p>\n<p>[hcolumns]<\/p>\n<div class=\"span6\" style=\"text-align: center;\">\n<p>[columnhelper span6]<\/p>\n<p>[icon icon=icon-map-marker size=25px color=#444 ]<\/p>\n<h5 style=\"text-align: center;\">Encu\u00e9ntranos<\/h5>\n<p style=\"text-align: center;\">Santa Cruz de la Sierra, Bolivia<\/p>\n<\/div>\n<div class=\"span6\" style=\"text-align: center;\">\n<p>[columnhelper span6]<\/p>\n<p>[icon icon=icon-mobile-phone size=25px color=#444 ]<\/p>\n<h5 style=\"text-align: center;\">H\u00e1ganos una llamada<\/h5>\n<p style=\"text-align: center;\">Nuestro n\u00famero: <span class=\"x193iq5w xeuugli x13faqbe x1vvkbs x1xmvt09 x1lliihq x1s928wv xhkezso x1gmr53x x1cpjm7i x1fgarty x1943h6x xudqn12 x3x7a5m x6prxxf xvq8zen xo1l8bm xzsf02u x1yc453h\" dir=\"auto\">72140845<\/span><\/p>\n<\/div>\n<p>[\/hcolumns]<\/p>\n<p>[space_20]<\/p>\n<p><span class=\"x193iq5w xeuugli x13faqbe x1vvkbs x1xmvt09 x1lliihq x1s928wv xhkezso x1gmr53x x1cpjm7i x1fgarty x1943h6x xudqn12 x3x7a5m x6prxxf xvq8zen xo1l8bm xzsf02u\" dir=\"auto\">MISION Y VISION<br \/>\nLa Asociaci\u00f3n Boliviana para la Conservaci\u00f3n de las Aves \u201cAves Bolivianas\u201d.<br \/>\n<\/span><\/p>\n","protected":false},"excerpt":{"rendered":"<p>[space_20] [hcolumns] [columnhelper span6] [icon icon=icon-map-marker size=25px color=#444 ] Encu\u00e9ntranos Santa Cruz de la Sierra, Bolivia [columnhelper span6] [icon icon=icon-mobile-phone size=25px color=#444 ] H\u00e1ganos una llamada Nuestro n\u00famero: 72140845 [\/hcolumns] [space_20] MISION Y VISION La Asociaci\u00f3n Boliviana para la Conservaci\u00f3n de las Aves \u201cAves Bolivianas\u201d.<\/p>\n","protected":false},"author":2,"featured_media":1011,"parent":0,"menu_order":0,"comment_status":"open","ping_status":"closed","template":"","meta":{"footnotes":""},"class_list":["post-45","page","type-page","status-publish","has-post-thumbnail","hentry"],"_links":{"self":[{"href":"https:\/\/avesbolivianas.org\/index.php?rest_route=\/wp\/v2\/pages\/45","targetHints":{"allow":["GET"]}}],"collection":[{"href":"https:\/\/avesbolivianas.org\/index.php?rest_route=\/wp\/v2\/pages"}],"about":[{"href":"https:\/\/avesbolivianas.org\/index.php?rest_route=\/wp\/v2\/types\/page"}],"author":[{"embeddable":true,"href":"https:\/\/avesbolivianas.org\/index.php?rest_route=\/wp\/v2\/users\/2"}],"replies":[{"embeddable":true,"href":"https:\/\/avesbolivianas.org\/index.php?rest_route=%2Fwp%2Fv2%2Fcomments&post=45"}],"version-history":[{"count":3,"href":"https:\/\/avesbolivianas.org\/index.php?rest_route=\/wp\/v2\/pages\/45\/revisions"}],"predecessor-version":[{"id":1378,"href":"https:\/\/avesbolivianas.org\/index.php?rest_route=\/wp\/v2\/pages\/45\/revisions\/1378"}],"wp:featuredmedia":[{"embeddable":true,"href":"https:\/\/avesbolivianas.org\/index.php?rest_route=\/wp\/v2\/media\/1011"}],"wp:attachment":[{"href":"https:\/\/avesbolivianas.org\/index.php?rest_route=%2Fwp%2Fv2%2Fmedia&parent=45"}],"curies":[{"name":"wp","href":"https:\/\/api.w.org\/{rel}","templated":true}]}}